Let u = -46 + 46. Suppose u = d + 6*d. Suppose 4*h - 3*w - 581 = 0, 4*w - 150 = -d*h - h. What are the prime factors of h?
2, 73
Let t = -385 + 409. Suppose 37060 - 8740 = t*v. What are the prime factors of v?
2, 5, 59
Let k = 25 + -20. Suppose 2*g = 5*m + 1 - 3, k = -5*m - 5*g. Suppose -2*y - 4*i = -64, -y + m*y - i + 30 = 0. What are the prime factors of y?
2, 7
Let t = -61089 + 124380. List the prime factors of t.
3, 17, 73
Suppose -2*d - i = -595, -3*d - 895 = -6*d + i. Suppose 4*l - 2006 + d = 0. List the prime factors of l.
7, 61
Let d = 39989 - 24775. List the prime factors of d.
2, 7607
Suppose 4*k = 3*v + 2*v + 27313, -5*v + 20511 = 3*k. List the prime factors of k.
2, 7, 61
Suppose -38 = -29*c + 48*c. Let k(q) = -119*q**3 + 2*q**2 + q - 1. List the prime factors of k(c).
3, 11, 29
Let n = 8839 - -6626. What are the prime factors of n?
3, 5, 1031
Suppose t - 4*b + 10 = 0, 3*t + 0*b + 63 = b. Let h be (-4690)/(-22) - (-4)/t. What are the prime factors of h/3 + (-4)/(-1)?
3, 5
Suppose -5*c + 12 = h, 0 = 2*h + 2*c + c - 10. What are the prime factors of (0 - 72)/(77/44 - h)?
2, 3
Let l(c) = 2*c - 4*c + 5*c**2 - 13*c**2 + 1 + 3*c. Let w be l(-1). What are the prime factors of w/(-12) - 824/(-6)?
2, 3, 23
Suppose 2*i + l + 0*l - 13 = 0, -3*l + 9 = 0. Let z be (-6)/51 + 1892/187. Suppose -z*h = -i*h - 565. List the prime factors of h.
113
Let b be -1*(-12 + (-3 - -9) + -3). Let i be (-6)/(-18) - 1*(-15)/b. Suppose 0 = -4*y + 5*y - i, 2*r + y - 262 = 0. List the prime factors of r.
2, 5, 13
List the prime factors of (1 + -5 - -174)/((-20)/(-1780)).
2, 5, 17, 89
Let p be (-1 + 33)*15/2. Let i = p - 87. What are the prime factors of i?
3, 17
Let a(p) = 3*p - 2*p + 5*p**2 + 2 + 16*p - p**3. Let n be a(7). Suppose -60 = n*f - 28*f. What are the prime factors of f?
2, 3
Suppose 14*m + 6 = 12*m. What are the prime factors of 4 - (m - ((-1128)/(-3) - 1))?
2, 191
Let h be (-3)/6 + 329/2. Suppose 0 = -111*w + 129*w - 1152. Suppose -w*r + h = -60*r. What are the prime factors of r?
41
Let o = 99 - 97. List the prime factors of (-5 + 510/4)*o.
5, 7
Let o(v) = 140*v**2 + 3*v + 3. Let f be o(2). Suppose -4*r - 5*d = -2098 + f, 5*r - 4*d - 1942 = 0. What are the prime factors of r?
2, 193
Let m be -2*(-1 + (-3)/6). Suppose -f = m*f. List the prime factors of ((-69)/(-9) - f)/(1/15).
5, 23
Suppose -6*o - 5797 + 475 = 0. Let h = o + 1329. What are the prime factors of h?
2, 13, 17
Let f be (4*-9)/(3 + -4). Suppose 0 = 67*t - 70*t + f. List the prime factors of t.
2, 3
What are the prime factors of 6957 + 13 + 4/(-6)*3?
2, 13, 67
Let m be 1*0/3 - 0. Let u be ((-24)/7)/((-1 - m)/7). Suppose -15 = -j - 5*r + u, -11 = j - 5*r. List the prime factors of j.
2, 7
Suppose 6*t - 45 = 2*t - 3*x, -x - 24 = -3*t. Let l(b) = 2*b**3 - 13*b**2 - 5*b + 18. List the prime factors of l(t).
2, 3, 7
Let j be (-280)/(-6)*840/100. Suppose 16*k + 4*b - j = 14*k, -4*b = -k + 226. What are the prime factors of k?
2, 103
Let n be (-23)/(-2)*9/((-18)/(-68)). Let c = 700 - 95. Let t = c - n. List the prime factors of t.
2, 107
Let p(w) = w**3 + 60*w**2 + 202*w - 51. List the prime factors of p(-50).
31, 479
Suppose -5*v = -2*t + 3024, 5*t + 3*v = 3630 + 3868. List the prime factors of t.
2, 751
Suppose 0 = -5*d + 4*y + 53457, 0 = 10*d - 7*d + 4*y - 32119. What are the prime factors of d?
19, 563
Suppose 8*t + t - 1188 = 0. Suppose -3*w - t = -7*w. Suppose -36*a + w*a = -102. What are the prime factors of a?
2, 17
Suppose -84 = 3*m - 147. Let w(l) = -2*l**3 + 43*l**2 + 16*l - 5. List the prime factors of w(m).
2, 193
Let c(o) = 33816*o - 210. What are the prime factors of c(1)?
2, 3, 1867
Suppose 5 = 5*y, 5*d - 1613 = -3*y + 1000. Let r = 60 + d. List the prime factors of r.
2, 3, 97
What are the prime factors of 61*134 + (-7 - (-5 + (0 - 6)))?
2, 3, 29, 47
Let x be -3*(-8)/12 - -1151 - -1. Let s = -678 + x. What are the prime factors of s?
2, 7, 17
Suppose 2*v - 1 = 3*v. List the prime factors of 289 - (0*v/3 + -3).
2, 73
Let d be (-3)/2*6960/(-40). Let f be 312*((-3)/(-2) - 2). Let m = d + f. List the prime factors of m.
3, 5, 7
Let s be -4*3/(-10)*500/(-4). Let j = 340 + s. What are the prime factors of j?
2, 5, 19
Let u = -79 - -118. Suppose -u*l + 15*l = -5640. What are the prime factors of l?
5, 47
Let o = 25 + -20. Suppose -138 = o*f + 4*r, 5*f - r = 2*r - 159. List the prime factors of f/(-165) - 1470/(-22).
67
Suppose -f + y - 17 = -3*y, -5*y + 19 = -2*f. Suppose -5*o + 21 = -r, 0 = -2*r - f*r - 5*o - 105. Let w(x) = -x**2 - 21*x + 5. List the prime factors of w(r).
5
Suppose 0 = -53*x + 58*x - 30. What are the prime factors of (10/(-60)*926)/((-2)/x)?
463
Suppose -15*k = -203237 - 225186 - 298402. What are the prime factors of k?
5, 11, 881
Suppose 0 = -267*y + 271*y - 22812. List the prime factors of y.
3, 1901
Let r(s) = 9653*s - 5291. List the prime factors of r(6).
52627
Let r(z) = 9*z**3 - 7*z**2 + 5*z - 11. Suppose 880 - 825 = 11*a. List the prime factors of r(a).
2, 241
Let k(h) = h**3 + 12*h**2 - 7*h + 13. Let r(v) = v**3 - 5*v**2 - 2*v - 2. Let g be 7 + 1 + 39/(-13). Let u be r(g). What are the prime factors of k(u)?
97
Let k(m) = 6*m - 70. Let h be k(13). Suppose -h*d + 3212 = 44. What are the prime factors of d?
2, 3, 11
Suppose 151 = 2*v - 2*p - 501, 2*v = -4*p + 664. Suppose v = 6*o - 380. Let z = o - 33. What are the prime factors of z?
5, 17
Suppose -4*n = -5*x - 37464, 6*n - 28101 = 3*n + 3*x. What are the prime factors of n?
9371
Suppose -3*g = s - 119, -5*g + s = 4*s - 205. Let w = g - 30. Suppose -y + 4*c = -77, 3*c - 5 = w*c. List the prime factors of y.
73
Let m(q) = -q**2 - 3*q - 17. Let g be m(-4). Let l = g - -43. Suppose -l*k + 297 = -19*k. List the prime factors of k.
3, 11
Let g(s) = -189*s + 127. What are the prime factors of g(-39)?
2, 23, 163
Let u(o) be the third derivative of -o**5/60 - 4*o**4/3 + 16*o**3/3 - 46*o**2. What are the prime factors of u(-28)?
2, 3
Let r(v) = -6*v**2 - 8*v - 14. Let u be r(-4). Let q = u + 84. Suppose 239 + q = 5*y. List the prime factors of y.
7
List the prime factors of ((-170060)/15 + (-13 - -7))*6/(-4).
5, 41, 83
Let t = -18850 + 35150. What are the prime factors of t?
2, 5, 163
What are the prime factors of 4886/(-2)*3*36/(-54)?
2, 7, 349
Let g be 8 + (5 + -4 - -2). Suppose 0 = b - g*b + 360. What are the prime factors of b?
2, 3
Let m(y) = y**2 - 12*y + 8. Let g be m(9). Let d(s) be the first derivative of -5*s**2/2 + 20*s - 107. What are the prime factors of d(g)?
5, 23
Suppose 494807 = 71*i - 599142 - 243478. List the prime factors of i.
3, 7, 13, 23
Let a = 25682 + 38316. List the prime factors of a.
2, 11, 2909
Let c(z) = 9*z**2 + 2*z + 45. Let t be c(12). Suppose -4*q + 3*m - 8*m = -t, 3*q + 5*m - 1025 = 0. What are the prime factors of q?
2, 5, 17
Let l be (-19)/((-4)/5 - (-13)/(-65)). Suppose -2*n + l = -51. Suppose 0 = -w + n + 141. What are the prime factors of w?
2, 11
Let s(c) = c**2 - 15*c - 4. Let h be s(7). Let d be (18 + -1)/(2/108*6). Let p = h + d. What are the prime factors of p?
3, 31
Let j(a) = -a**2 - 41*a - 98. Let h be j(-38). List the prime factors of (52/h)/(2/144).
2, 3, 13
Let l = 325 - -174. Suppose 3*c + l = z, c + 752 = 3*z - 729. What are the prime factors of z?
17, 29
Let a = -206 + 193. List the prime factors of 28/(-182) + (-2992)/a.
2, 5, 23
Let u(y) = 29*y**2 - 11*y - 6. Suppose -r - 15 = 3*h, -5*r = 4*h - 4*r + 19. List the prime factors of u(h).
2, 251
Let h(y) = 3*y**2 - 18*y + 8. Suppose z = 4*w + 6, 8 + 23 = 3*z + w. Let c be h(z). Let t = c + -68. List the prime factors of t.
2, 3, 5
Let u(h) = h**3 + 16*h**2 + 7*h + 7958. What are the prime factors of u(0)?
2, 23, 173
List the prime factors of ((-4)/(-6))/((-292)/(-1106388)).
2, 3, 421
Suppose 0*o + 2*o + 2 = 0. Let m be o/1 + (-1 - 13). What are the prime factors of (4 - m/(-2))*(-37 + -1)?
7, 19
Let k(g) = -30*g**3 + 3 - 9*g**2 + 13*g + 29*g**3 - 41 - 6 + 31*g**2. Suppose -7*y + 3*y = -88. List the prime factors of k(y).
2, 11
Let o = -12628 - -20811. What are the prime factors of o?
7, 167
Suppose 0*z + 2*z = -5*n + 495, -4*z - 20 = 0. Let o = n - 83. Let u(t) = -t**3 + 19*t**2 - 7*t - 16. What are the prime factors of u(o)?
2, 7, 13
Suppose -5*i = 0, 4*m = 4*i - 238 + 34. Let n = 671 - 466. Let b = n + m. Lis